{"id":9047,"date":"2017-05-08T09:43:12","date_gmt":"2017-05-08T09:43:12","guid":{"rendered":"http:\/\/barcelona-sprachschule.de\/?page_id=9047\/"},"modified":"2017-10-04T14:16:34","modified_gmt":"2017-10-04T14:16:34","slug":"curs-intensiu-dalemany","status":"publish","type":"page","link":"https:\/\/www.academia-barcelona.com\/ca\/cursos-dalemany\/curs-intensiu-dalemany\/","title":{"rendered":"Curs intensiu d\u2019alemany"},"content":{"rendered":"<p>[vc_row css=&#8221;.vc_custom_1494236334239{padding-bottom: 30px !important;}&#8221;][vc_column][vc_column_text]<\/p>\n<h1>Curs intensiu d\u2019alemany<\/h1>\n<p>Curs intensiu d\u2019alemany CBLS (Clase Barcelona Language School). El nostre<strong> curs intensiu d\u2019alemany<\/strong> \u00e9s <strong>el curs m\u00e9s freq\u00fcentat de l\u2019acad\u00e8mia <\/strong>i la millor manera per aprendre l\u2019idioma r\u00e0pidament. A Clase Barcelona estem<strong> especialitzats en l\u2019ensenyament de l\u2019alemany.<\/strong> Durant els darrers anys, centenars d\u2019aels alumnes adquireixen a curt termini els coneixements b\u00e0sics o milloren el seu nivell amb nosaltres.lumnes han estudiat a la nostra acad\u00e8mia per viatjar a Alemanya, \u00c0ustria o Su\u00efssa, ja sigui per motius de feina, d\u2019estudis o comercials. Actualment a Europa les empreses atorguen cada cop m\u00e9s import\u00e0ncia a la parla de l\u2019alemany donat les relacions internacionals amb grans pot\u00e8ncies industrials. Mitjan\u00e7ant diverses activitats, classes pr\u00e0ctiques i centrades a la comunicaci\u00f3, explicacions de la gram\u00e0tica i molta conversa, els alumnes adquireixen a curt termini els coneixements b\u00e0sics o milloren el seu nivell amb nosaltres.<\/p>\n<p>Despr\u00e9s de realitzar el curs intensiu d\u2019alemany,<strong> rebr\u00e0s un certificat de participaci\u00f3 amb el nivell assolit<\/strong> segons el Marc Europeu de Refer\u00e8ncia per a les Lleng\u00fces. Per a m\u00e9s informaci\u00f3 al respecte, consulta la <a href=\"https:\/\/www.academia-barcelona.com\/ca\/que-oferim\/la-nostra-metodologia\/\">Nostra Metodologia. <\/a><\/p>\n<p>Avan\u00e7a r\u00e0pidament amb el curs intensiu d\u2019alemany de Clase Barcelona![\/vc_column_text][vc_row_inner][vc_column_inner width=&#8221;1\/2&#8243;][vc_single_image image=&#8221;2911&#8243; img_size=&#8221;full&#8221; alignment=&#8221;center&#8221; style=&#8221;vc_box_outline&#8221;][\/vc_column_inner][vc_column_inner width=&#8221;1\/2&#8243;][vc_column_text]A Clase Barcelona aprendr\u00e0s alemany sempre amb grups redu\u00efts (entre 3 i 10 alumnes), donat que aix\u00ed l&#8217;aprenentatge \u00e9s m\u00e9s intensiu i personalitzat. El m\u00e9s important per a nosaltres \u00e9s que l&#8217;alumne aprofiti el curs intensiu d&#8217;alemany per tal d&#8217;assolir el seu objectiu.<\/p>\n<p><strong>Tots els nostres professors son natius<\/strong> i estan qualificats. \u00a1No et queden excuses per no aprendre alemany!<\/p>\n<p>Si vols con\u00e8ixer millor el nostre equip, visita la nostra <a href=\"https:\/\/www.academia-barcelona.com\/ca\/que-oferim\/galeria-de-fotos\/\">Galeria de Fotos! <\/a><\/p>\n<p>Per m\u00e9s informaci\u00f3 sobre dates d&#8217;inici, horaris i nivells, no dubtis a <a href=\"mailto:info@clase-barcelona.es\">contactar amb nosaltres<\/a>, sempre estem encantats d&#8217;atendre-us. Demana cita per a la teva prova de nivell gratu\u00efta i sense comprom\u00eds.[\/vc_column_text][\/vc_column_inner][\/vc_row_inner][\/vc_column][\/vc_row][vc_row full_width=&#8221;stretch_row&#8221; css=&#8221;.vc_custom_1494236462420{padding-top: 30px !important;padding-bottom: 30px !important;background-color: #f9f9f9 !important;}&#8221;][vc_column][vc_column_text]<\/p>\n<h2>Informaci\u00f3 pr\u00e0ctica<\/h2>\n<ul>\n<li>De dilluns a divendres<\/li>\n<li>Horaris de mat\u00ed i de tarda<\/li>\n<li>1.5 hores de clase \/ d\u00eda **<\/li>\n<li>Durada: 4 setmanes<\/li>\n<li>Nivells: A1 A2 B1 B2<\/li>\n<li>Preu: 399-<\/li>\n<\/ul>\n<p>** Amb m\u00e9s de 6 alumnes, s&#8217;amplia l&#8217;horari a 2 hores\/ d\u00eda.[\/vc_column_text][vc_column_text]<a href=\"https:\/\/www.academia-barcelona.com\/ca\/preu\/\">Prem aqu\u00ed per consultar tots els nostres preus. <\/a>[\/vc_column_text][\/vc_column][\/vc_row]<\/p>\n","protected":false},"excerpt":{"rendered":"<p>[vc_row css=&#8221;.vc_custom_1494236334239{padding-bottom: 30px !important;}&#8221;][vc_column][vc_column_text] Curs intensiu d\u2019alemany Curs intensiu d\u2019alemany CBLS (Clase Barcelona Language School). El nostre curs intensiu d\u2019alemany \u00e9s el curs m\u00e9s freq\u00fcentat de l\u2019acad\u00e8mia i la millor manera per aprendre l\u2019idioma r\u00e0pidament. A Clase Barcelona estem especialitzats en l\u2019ensenyament de l\u2019alemany. Durant els darrers anys, centenars d\u2019aels alumnes adquireixen a curt termini&hellip; <a class=\"read-more\" href=\"https:\/\/www.academia-barcelona.com\/ca\/cursos-dalemany\/curs-intensiu-dalemany\/\" title=\"Read Curs intensiu d\u2019alemany\">Read more &raquo;<\/a><\/p>\n","protected":false},"author":3,"featured_media":0,"parent":1383,"menu_order":0,"comment_status":"closed","ping_status":"closed","template":"","meta":{"footnotes":""},"class_list":["post-9047","page","type-page","status-publish","hentry"],"yoast_head":"<!-- This site is optimized with the Yoast SEO plugin v27.1.1 - https:\/\/yoast.com\/product\/yoast-seo-wordpress\/ -->\n<title>Curs intensiu d&#039;alemany CBLS (Clase Barcelona Language School)<\/title>\n<meta name=\"description\" content=\"Amb el nostre curs intensiu d&#039;alemany podr\u00e0s assolir el teu objectiu en 4 setmanes. Professors nadius, grups redu\u00efts, classes pr\u00e0ctiques.\" \/>\n<meta name=\"robots\" content=\"index, follow, max-snippet:-1, max-image-preview:large, max-video-preview:-1\" \/>\n<link rel=\"canonical\" href=\"https:\/\/www.academia-barcelona.com\/ca\/cursos-dalemany\/curs-intensiu-dalemany\/\" \/>\n<meta property=\"og:locale\" content=\"ca_ES\" \/>\n<meta property=\"og:type\" content=\"article\" \/>\n<meta property=\"og:title\" content=\"Curs intensiu d&#039;alemany CBLS (Clase Barcelona Language School)\" \/>\n<meta property=\"og:description\" content=\"Amb el nostre curs intensiu d&#039;alemany podr\u00e0s assolir el teu objectiu en 4 setmanes. Professors nadius, grups redu\u00efts, classes pr\u00e0ctiques.\" \/>\n<meta property=\"og:url\" content=\"https:\/\/www.academia-barcelona.com\/ca\/cursos-dalemany\/curs-intensiu-dalemany\/\" \/>\n<meta property=\"article:modified_time\" content=\"2017-10-04T14:16:34+00:00\" \/>\n<meta name=\"twitter:card\" content=\"summary_large_image\" \/>\n<meta name=\"twitter:label1\" content=\"Temps estimat de lectura\" \/>\n\t<meta name=\"twitter:data1\" content=\"2 minuts\" \/>\n<script type=\"application\/ld+json\" class=\"yoast-schema-graph\">{\"@context\":\"https:\/\/schema.org\",\"@graph\":[{\"@type\":\"WebPage\",\"@id\":\"https:\/\/www.academia-barcelona.com\/ca\/cursos-dalemany\/curs-intensiu-dalemany\/\",\"url\":\"https:\/\/www.academia-barcelona.com\/ca\/cursos-dalemany\/curs-intensiu-dalemany\/\",\"name\":\"Curs intensiu d'alemany CBLS (Clase Barcelona Language School)\",\"isPartOf\":{\"@id\":\"https:\/\/www.academia-barcelona.com\/#website\"},\"datePublished\":\"2017-05-08T09:43:12+00:00\",\"dateModified\":\"2017-10-04T14:16:34+00:00\",\"description\":\"Amb el nostre curs intensiu d'alemany podr\u00e0s assolir el teu objectiu en 4 setmanes. Professors nadius, grups redu\u00efts, classes pr\u00e0ctiques.\",\"breadcrumb\":{\"@id\":\"https:\/\/www.academia-barcelona.com\/ca\/cursos-dalemany\/curs-intensiu-dalemany\/#breadcrumb\"},\"inLanguage\":\"ca\",\"potentialAction\":[{\"@type\":\"ReadAction\",\"target\":[\"https:\/\/www.academia-barcelona.com\/ca\/cursos-dalemany\/curs-intensiu-dalemany\/\"]}]},{\"@type\":\"BreadcrumbList\",\"@id\":\"https:\/\/www.academia-barcelona.com\/ca\/cursos-dalemany\/curs-intensiu-dalemany\/#breadcrumb\",\"itemListElement\":[{\"@type\":\"ListItem\",\"position\":1,\"name\":\"Cursos d\u2019alemany\",\"item\":\"https:\/\/www.academia-barcelona.com\/ca\/cursos-dalemany\/\"},{\"@type\":\"ListItem\",\"position\":2,\"name\":\"Curs intensiu d\u2019alemany\"}]},{\"@type\":\"WebSite\",\"@id\":\"https:\/\/www.academia-barcelona.com\/#website\",\"url\":\"https:\/\/www.academia-barcelona.com\/\",\"name\":\"\",\"description\":\"\",\"potentialAction\":[{\"@type\":\"SearchAction\",\"target\":{\"@type\":\"EntryPoint\",\"urlTemplate\":\"https:\/\/www.academia-barcelona.com\/?s={search_term_string}\"},\"query-input\":{\"@type\":\"PropertyValueSpecification\",\"valueRequired\":true,\"valueName\":\"search_term_string\"}}],\"inLanguage\":\"ca\"}]}<\/script>\n<!-- \/ Yoast SEO plugin. -->","yoast_head_json":{"title":"Curs intensiu d'alemany CBLS (Clase Barcelona Language School)","description":"Amb el nostre curs intensiu d'alemany podr\u00e0s assolir el teu objectiu en 4 setmanes. Professors nadius, grups redu\u00efts, classes pr\u00e0ctiques.","robots":{"index":"index","follow":"follow","max-snippet":"max-snippet:-1","max-image-preview":"max-image-preview:large","max-video-preview":"max-video-preview:-1"},"canonical":"https:\/\/www.academia-barcelona.com\/ca\/cursos-dalemany\/curs-intensiu-dalemany\/","og_locale":"ca_ES","og_type":"article","og_title":"Curs intensiu d'alemany CBLS (Clase Barcelona Language School)","og_description":"Amb el nostre curs intensiu d'alemany podr\u00e0s assolir el teu objectiu en 4 setmanes. Professors nadius, grups redu\u00efts, classes pr\u00e0ctiques.","og_url":"https:\/\/www.academia-barcelona.com\/ca\/cursos-dalemany\/curs-intensiu-dalemany\/","article_modified_time":"2017-10-04T14:16:34+00:00","twitter_card":"summary_large_image","twitter_misc":{"Temps estimat de lectura":"2 minuts"},"schema":{"@context":"https:\/\/schema.org","@graph":[{"@type":"WebPage","@id":"https:\/\/www.academia-barcelona.com\/ca\/cursos-dalemany\/curs-intensiu-dalemany\/","url":"https:\/\/www.academia-barcelona.com\/ca\/cursos-dalemany\/curs-intensiu-dalemany\/","name":"Curs intensiu d'alemany CBLS (Clase Barcelona Language School)","isPartOf":{"@id":"https:\/\/www.academia-barcelona.com\/#website"},"datePublished":"2017-05-08T09:43:12+00:00","dateModified":"2017-10-04T14:16:34+00:00","description":"Amb el nostre curs intensiu d'alemany podr\u00e0s assolir el teu objectiu en 4 setmanes. Professors nadius, grups redu\u00efts, classes pr\u00e0ctiques.","breadcrumb":{"@id":"https:\/\/www.academia-barcelona.com\/ca\/cursos-dalemany\/curs-intensiu-dalemany\/#breadcrumb"},"inLanguage":"ca","potentialAction":[{"@type":"ReadAction","target":["https:\/\/www.academia-barcelona.com\/ca\/cursos-dalemany\/curs-intensiu-dalemany\/"]}]},{"@type":"BreadcrumbList","@id":"https:\/\/www.academia-barcelona.com\/ca\/cursos-dalemany\/curs-intensiu-dalemany\/#breadcrumb","itemListElement":[{"@type":"ListItem","position":1,"name":"Cursos d\u2019alemany","item":"https:\/\/www.academia-barcelona.com\/ca\/cursos-dalemany\/"},{"@type":"ListItem","position":2,"name":"Curs intensiu d\u2019alemany"}]},{"@type":"WebSite","@id":"https:\/\/www.academia-barcelona.com\/#website","url":"https:\/\/www.academia-barcelona.com\/","name":"","description":"","potentialAction":[{"@type":"SearchAction","target":{"@type":"EntryPoint","urlTemplate":"https:\/\/www.academia-barcelona.com\/?s={search_term_string}"},"query-input":{"@type":"PropertyValueSpecification","valueRequired":true,"valueName":"search_term_string"}}],"inLanguage":"ca"}]}},"_links":{"self":[{"href":"https:\/\/www.academia-barcelona.com\/ca\/wp-json\/wp\/v2\/pages\/9047","targetHints":{"allow":["GET"]}}],"collection":[{"href":"https:\/\/www.academia-barcelona.com\/ca\/wp-json\/wp\/v2\/pages"}],"about":[{"href":"https:\/\/www.academia-barcelona.com\/ca\/wp-json\/wp\/v2\/types\/page"}],"author":[{"embeddable":true,"href":"https:\/\/www.academia-barcelona.com\/ca\/wp-json\/wp\/v2\/users\/3"}],"replies":[{"embeddable":true,"href":"https:\/\/www.academia-barcelona.com\/ca\/wp-json\/wp\/v2\/comments?post=9047"}],"version-history":[{"count":4,"href":"https:\/\/www.academia-barcelona.com\/ca\/wp-json\/wp\/v2\/pages\/9047\/revisions"}],"predecessor-version":[{"id":9781,"href":"https:\/\/www.academia-barcelona.com\/ca\/wp-json\/wp\/v2\/pages\/9047\/revisions\/9781"}],"up":[{"embeddable":true,"href":"https:\/\/www.academia-barcelona.com\/ca\/wp-json\/wp\/v2\/pages\/1383"}],"wp:attachment":[{"href":"https:\/\/www.academia-barcelona.com\/ca\/wp-json\/wp\/v2\/media?parent=9047"}],"curies":[{"name":"wp","href":"https:\/\/api.w.org\/{rel}","templated":true}]}}

<p>[vc_row css=&#8221;.vc_custom_1494236334239{padding-bottom: 30px !important;}&#8221;][vc_column][vc_column_text]</p>
<h1>Curs intensiu d’alemany</h1>
<p>Curs intensiu d’alemany CBLS (Clase Barcelona Language School). El nostre<strong> curs intensiu d’alemany</strong> és <strong>el curs més freqüentat de l’acadèmia </strong>i la millor manera per aprendre l’idioma ràpidament. A Clase Barcelona estem<strong> especialitzats en l’ensenyament de l’alemany.</strong> Durant els darrers anys, centenars d’aels alumnes adquireixen a curt termini els coneixements bàsics o milloren el seu nivell amb nosaltres.lumnes han estudiat a la nostra acadèmia per viatjar a Alemanya, Àustria o Suïssa, ja sigui per motius de feina, d’estudis o comercials. Actualment a Europa les empreses atorguen cada cop més importància a la parla de l’alemany donat les relacions internacionals amb grans potències industrials. Mitjançant diverses activitats, classes pràctiques i centrades a la comunicació, explicacions de la gramàtica i molta conversa, els alumnes adquireixen a curt termini els coneixements bàsics o milloren el seu nivell amb nosaltres.</p>
<p>Després de realitzar el curs intensiu d’alemany,<strong> rebràs un certificat de participació amb el nivell assolit</strong> segons el Marc Europeu de Referència per a les Llengües. Per a més informació al respecte, consulta la <a href="https://www.academia-barcelona.com/ca/que-oferim/la-nostra-metodologia/">Nostra Metodologia. </a></p>
<p>Avança ràpidament amb el curs intensiu d’alemany de Clase Barcelona![/vc_column_text][vc_row_inner][vc_column_inner width=&#8221;1/2&#8243;][vc_single_image image=&#8221;2911&#8243; img_size=&#8221;full&#8221; alignment=&#8221;center&#8221; style=&#8221;vc_box_outline&#8221;][/vc_column_inner][vc_column_inner width=&#8221;1/2&#8243;][vc_column_text]A Clase Barcelona aprendràs alemany sempre amb grups reduïts (entre 3 i 10 alumnes), donat que així l&#8217;aprenentatge és més intensiu i personalitzat. El més important per a nosaltres és que l&#8217;alumne aprofiti el curs intensiu d&#8217;alemany per tal d&#8217;assolir el seu objectiu.</p>
<p><strong>Tots els nostres professors son natius</strong> i estan qualificats. ¡No et queden excuses per no aprendre alemany!</p>
<p>Si vols conèixer millor el nostre equip, visita la nostra <a href="https://www.academia-barcelona.com/ca/que-oferim/galeria-de-fotos/">Galeria de Fotos! </a></p>
<p>Per més informació sobre dates d&#8217;inici, horaris i nivells, no dubtis a <a href="mailto:info@clase-barcelona.es">contactar amb nosaltres</a>, sempre estem encantats d&#8217;atendre-us. Demana cita per a la teva prova de nivell gratuïta i sense compromís.[/vc_column_text][/vc_column_inner][/vc_row_inner][/vc_column][/vc_row][vc_row full_width=&#8221;stretch_row&#8221; css=&#8221;.vc_custom_1494236462420{padding-top: 30px !important;padding-bottom: 30px !important;background-color: #f9f9f9 !important;}&#8221;][vc_column][vc_column_text]</p>
<h2>Informació pràctica</h2>
<ul>
<li>De dilluns a divendres</li>
<li>Horaris de matí i de tarda</li>
<li>1.5 hores de clase / día **</li>
<li>Durada: 4 setmanes</li>
<li>Nivells: A1 A2 B1 B2</li>
<li>Preu: 399-</li>
</ul>
<p>** Amb més de 6 alumnes, s&#8217;amplia l&#8217;horari a 2 hores/ día.[/vc_column_text][vc_column_text]<a href="https://www.academia-barcelona.com/ca/preu/">Prem aquí per consultar tots els nostres preus. </a>[/vc_column_text][/vc_column][/vc_row]</p>

<p>[vc_row css=&#8221;.vc_custom_1494236334239{padding-bottom: 30px !important;}&#8221;][vc_column][vc_column_text] Curs intensiu d’alemany Curs intensiu d’alemany CBLS (Clase Barcelona Language School). El nostre curs intensiu d’alemany és el curs més freqüentat de l’acadèmia i la millor manera per aprendre l’idioma ràpidament. A Clase Barcelona estem especialitzats en l’ensenyament de l’alemany. Durant els darrers anys, centenars d’aels alumnes adquireixen a curt termini&hellip; <a class="read-more" href="https://www.academia-barcelona.com/ca/cursos-dalemany/curs-intensiu-dalemany/" title="Read Curs intensiu d’alemany">Read more &raquo;</a></p>

<!-- This site is optimized with the Yoast SEO plugin v27.1.1 - https://yoast.com/product/yoast-seo-wordpress/ -->
<title>Curs intensiu d&#039;alemany CBLS (Clase Barcelona Language School)</title>
<meta name="description" content="Amb el nostre curs intensiu d&#039;alemany podràs assolir el teu objectiu en 4 setmanes. Professors nadius, grups reduïts, classes pràctiques." />
<meta name="robots" content="index, follow, max-snippet:-1, max-image-preview:large, max-video-preview:-1" />
<link rel="canonical" href="https://www.academia-barcelona.com/ca/cursos-dalemany/curs-intensiu-dalemany/" />
<meta property="og:locale" content="ca_ES" />
<meta property="og:type" content="article" />
<meta property="og:title" content="Curs intensiu d&#039;alemany CBLS (Clase Barcelona Language School)" />
<meta property="og:description" content="Amb el nostre curs intensiu d&#039;alemany podràs assolir el teu objectiu en 4 setmanes. Professors nadius, grups reduïts, classes pràctiques." />
<meta property="og:url" content="https://www.academia-barcelona.com/ca/cursos-dalemany/curs-intensiu-dalemany/" />
<meta property="article:modified_time" content="2017-10-04T14:16:34+00:00" />
<meta name="twitter:card" content="summary_large_image" />
<meta name="twitter:label1" content="Temps estimat de lectura" />
	<meta name="twitter:data1" content="2 minuts" />
<script type="application/ld+json" class="yoast-schema-graph">{"@context":"https://schema.org","@graph":[{"@type":"WebPage","@id":"https://www.academia-barcelona.com/ca/cursos-dalemany/curs-intensiu-dalemany/","url":"https://www.academia-barcelona.com/ca/cursos-dalemany/curs-intensiu-dalemany/","name":"Curs intensiu d'alemany CBLS (Clase Barcelona Language School)","isPartOf":{"@id":"https://www.academia-barcelona.com/#website"},"datePublished":"2017-05-08T09:43:12+00:00","dateModified":"2017-10-04T14:16:34+00:00","description":"Amb el nostre curs intensiu d'alemany podràs assolir el teu objectiu en 4 setmanes. Professors nadius, grups reduïts, classes pràctiques.","breadcrumb":{"@id":"https://www.academia-barcelona.com/ca/cursos-dalemany/curs-intensiu-dalemany/#breadcrumb"},"inLanguage":"ca","potentialAction":[{"@type":"ReadAction","target":["https://www.academia-barcelona.com/ca/cursos-dalemany/curs-intensiu-dalemany/"]}]},{"@type":"BreadcrumbList","@id":"https://www.academia-barcelona.com/ca/cursos-dalemany/curs-intensiu-dalemany/#breadcrumb","itemListElement":[{"@type":"ListItem","position":1,"name":"Cursos d’alemany","item":"https://www.academia-barcelona.com/ca/cursos-dalemany/"},{"@type":"ListItem","position":2,"name":"Curs intensiu d’alemany"}]},{"@type":"WebSite","@id":"https://www.academia-barcelona.com/#website","url":"https://www.academia-barcelona.com/","name":"","description":"","potentialAction":[{"@type":"SearchAction","target":{"@type":"EntryPoint","urlTemplate":"https://www.academia-barcelona.com/?s={search_term_string}"},"query-input":{"@type":"PropertyValueSpecification","valueRequired":true,"valueName":"search_term_string"}}],"inLanguage":"ca"}]}</script>
<!-- / Yoast SEO plugin. -->

Amb el nostre curs intensiu d'alemany podràs assolir el teu objectiu en 4 setmanes. Professors nadius, grups reduïts, classes pràctiques.
